24 + -3 + 0).
-17
Evaluate -5 - (-5 - (-4 + 6 + -3)).
-1
What is the value of 8 + (-3 - -2 - 6) + 10 + 12?
23
What is the value of -3 + (13 + -29 - -45)?
26
2 + -10 + 10 - 22
-20
What is the value of -22 + 13 + 6 + 2 + -7?
-8
Evaluate (16 + -8 + -3 - 20) + 28.
13
Evaluate -29 + 23 + 18 + (-28 - -6).
-10
Evaluate 26 - (13 + -2 - (1 - 3)).
13
Evaluate (4 - (-26 + 2)) + (-51 - -60).
37
What is the value of -41 + 4 + -10 + (-18 - -39)?
-26
Calculate -7 - (18 - ((2 - 13) + 36)).
0
Evaluate 1 + (3 - -4) - (-7 + 21 + -27).
21
What is -9 - ((-26 - -16) + 13)?
-12
What is (59 - (53 + 5)) + (1 + -4 - 1)?
-3
0 + (11 + 2 + -11 - -10)
12
Evaluate 6 - (-2 + 9 + -15).
14
What is (2 - 5) + 1 - (-21 + 17 + -10)?
12
What is (-15 - (40 - 37)) + 41?
23
Evaluate 20 - 8 - (-13 + 8 - (-1 - 4)).
12
Calculate -17 + (-7 - (-5 - 9)) + 4 - 14.
-20
Calculate 0 + 4 + (-6 - -2) + -7 - -19.
12
What is 26 + (30 + -22 - (6 + 9))?
19
What is -7 + 0 + 25 + -11?
7
What is (7 - 18 - -26) + -23 + 0?
-8
Calculate 13 + (-24 - -4) + 15.
8
-15 - (9 + -25 - -5)
-4
Evaluate 6 + (4 - (3 - -9) - (-18 + 15)).
1
Calculate -4 + 9 - -4 - 19.
-10
What is 0 - (2 + -9) - (7 - (-18 + 2))?
-16
What is the value of -6 + (6 + 6 + -4 - 12)?
-10
What is the value of -21 + 25 + -10 + 1 + -1 + -6?
-12
Evaluate -32 + 39 - (-2 - 1) - (5 + 0).
5
Calculate -22 + (1 - (-5 + 3 + 1 - 3)).
-17
(-92 + 65 - (-1 + -9)) + 10
-7
What is 5 + 10 + -14 + -7?
-6
Evaluate -23 - -10 - (-14 + -15 + -5).
21
(-48 + -32 - -26) + 33
-21
Evaluate -28 - (21 + -61 - -12).
0
What is the value of (-17 - -15) + -2 + -5?
-9
Evaluate 18 + -3 + -7 - 10.
-2
What is the value of -2 - (1 + -1 - -2) - (-237 + 216)?
17
-26 - ((10 - 33) + 23 + (4 - 1))
-29
Evaluate (4 + -17 - -2 - -3) + 5.
-3
Evaluate 5 + 2 + -12 + -6 + -8.
-19
What is the value of (46 - (27 + -1)) + 0?
20
Calculate (-33 - -6) + (-107 - -110).
-24
Calculate (-2 - 12) + 467 + -453.
0
What is the value of -7 - (-57 + (-8 - (-30 + 13)))?
41
What is the value of 2 + -3 + (4 - ((-10 - -2) + 11))?
0
What is the value of 13 - (-8 - (-13 - -11)) - 10?
9
-38 + 43 + (20 + 5 - -1) - 3
28
(0 - -10 - (-74 + 78)) + -7
-1
Evaluate 3 - (-5 - -13 - (-6 - -11)).
0
-3 + 15 - (20 + -17 - 1)
10
Calculate -6 + (-3 - -14) - -7 - -16.
28
-143 - -121 - (2 - 41) - (-1 + -7)
25
(-1 + -2 + 44 + -9 - 0) + -11
21
Evaluate 21 - ((3 - (7 + -1 - 1)) + 7).
16
Evaluate -31 - -20 - (0 + -2) - (1 - 0).
-10
(103 - 89) + (-5 - 0)
9
Evaluate -8 + (-13 - -19) + 14 - 25.
-13
Evaluate -16 + (79 - 16) + -26.
21
(-40 + -10 - -42) + (-2 - -3)
-7
Evaluate (1 - 1) + (11 - (5 + (8 - -5))).
-7
Evaluate (7 - (3 + 5)) + (-5 - (-9 - -4)).
-1
What is -37 + -23 + 60 - (0 - 5)?
5
What is 14 + -1 - (10 + -11) - (-23 - -27)?
10
What is the value of 9 + -6 - (-13 + 5)?
11
7 - (-5 - 2) - 5
9
Evaluate 5 + 13 - (21 - 18).
15
Calculate -15 + -1 - (-20 + -4 + -19).
27
(7 + -9 - (-1 + -3) - -1) + -2
1
What is the value of 1 + 14 + -10 + 3 + -11?
-3
(-10 - -10) + ((2 - 1) + -4 - -16)
13
(5 - 0) + (-14 - 2) - -5 - -6
0
Calculate 10 - (-5 + 20) - (-27 - -1).
21
Evaluate 0 + (5 - (-3 - (0 + -12))).
-4
Evaluate (3 - 5) + 3 - ((-1 - 13) + 11).
4
What is 42 - (6 + 37) - -23?
22
What is the value of -4 - (14 + (3 - 8) + -9)?
-4
Evaluate 0 + (-7 - (2 + -9 - (26 - 28))).
-2
Evaluate (0 - -5) + 1 + 9 + -8.
7
What is 14 + -2 + -12 - 11?
-11
What is the value of -3 + 8 + 10 + -26?
-11
What is the value of 79 + -77 - (-4 + 18)?
-12
Evaluate -6 - ((1 - 1) + 9 + 4 + -17).
-2
-9 + -14 + 7 + 30 + -5
9
-158 - -156 - ((-3 - -15) + -2)
-12
Calculate 8 - (4 + -3 + 23).
-16
Calculate (24 - -1) + 267 + -270.
22
Evaluate 6 - ((0 - 2) + -1 - -8).
1
What is -9 + -1 + 1 + 27?
18
40 + -91 - (-5 + -16)
-30
(11 - -10) + -1 + -9 + -1
10
Calculate 3 - -2 - (-6 + (9 - 9) - -7).
4
What is the value of (-63 - -72) + (10 - -1)?
20
What is -2 + -2 - (1 + -4 - (-104 + 104))?
-1
Evaluate 16 + -16 + (-3 - -5) + -2 + 6.
6
What is 2023 + -2016 + (26 - 1)?
32
-12 + (-9 + 29 - 28)
-20
What is the value of 14 + -7 - (3 + 17 - 4)?
-9
0 + -2 - (-241 + 242)
-3
Calculate 5 - ((-5 - -5) + -1) - (-1 + -3).
10
What is the value of 4 + -1 + 0 - (1104 + -1112)?
11
Evaluate -52 - -29 - (13 - 56).
20
Calculate 2 - (-38 + 21 + 32).
-13
(-7 - (3 + 16)) + 12
-14
What is (8 - (18 + -3)) + 1 + 3?
-3
(1 - -4 - 5) + (14 - 1)
13
Calculate -7 + -2 + 11 + (-4 - -6).
4
(21 - ((9 - 11) + (3 - 4))) + -5
19
-59 - (-71 + 24 - -14)
-26
Evaluate -7 + -5 + 11 - (1 + (3 - 6)).
1
Calculate -24 + 2 - ((11 - 7) + -1).
-25
What is (3 - -10) + (-53 - -26)?
-14
Evaluate (-8 - (-3 + 1)) + (-24 - -60) + -29.
1
Evaluate -1 + 0 + 3 + 2 + -8.
-4
Evaluate (4 - -1) + (25 - 26) - 8.
-4
Evaluate (13 - (26 + -12)) + -19.
-20
Calculate -15 + 9 + -11 + -1.
-18
Evaluate -4 - (5 - (8 + -13 + -1 + 12)).
-3
Calculate -6 - (-23 + 32 - 5).
-10
Calculate (-59 - -62) + (-1 - -1) - (-3 - 1).
7
Calculate -19 - (-6 + -4 - -6) - (0 - 2).
-13
-6 - (-5 - (10 - (-18 + 24)))
3
Evaluate 60 + -23 - (62 + -7).
-18
What is (2 - -3) + -3 - (-4 + 2 + 6)?
-2
What is the value of (3 - -1 - 12) + (-1 - 4) + 8?
-5
-7 - -6 - 10 - (-8 + -5 - -6)
-4
Calculate -20 + 2 + -21 + 7 + (16 - 7).
-23
What is 16 + (-21 - -15 - -5) + 2?
17
Calculate -59 + 24 + -11 + 27.
-19
3 + -1 - (-417 - -419)
0
6 - (9 - (2 + -3))
-4
(39 - 71) + 12 + 2
-18
What is the value of (-1 - (8 + 1)) + (-665 - -643) - 0?
-32
Evaluate -6 + -5 + -7 + (-2 - -3) + 2.
-15
Evaluate (-3 + -3 - (2 - (2 + 3))) + 0.
-3
What is -3 + (-32 - -26) + 0 + 2 + 2?
-5
-2 + (-2 - (-7 - -14) - -4) - 2
-9
What is 22 + (-22 - -5) + (-1 - (-5 + -2))?
11
What is -1 + 0 + -3 + 0 + (34 - 38)?
-8
Calculate 14 - (-2 - (-4 - (-6 - -14))).
4
Calculate -23 + 41 + -13 + 12.
17
What is the value of -12 + -3 + 4 + 14?
3
Evaluate 6 + ((-28 - -22) + 6 + 0 - -9).
15
-18 + (-6 - (-7 + -1))
-16
Calculate (-58 - -26 - -25) + -14.
-21
What is the value of (3 - (4 + -11)) + -32 + 22 + -30?
-30
Calculate 11 + -30 + 18 + 24.
23
What is the value of -14 + (-21 + 3 + 4 - -1)?
-27
What is the value of 3 - (-7 + 6 + (23 - 1))?
-18
Calculate (-6 - 9) + (-3 + 7 - -14).
3
What is 25 + (7 - 3) + 3 + -75 + 61?
18
Evaluate (-5 - 1) + -26 - -30.
-2
5 + -10 + 7 + 17 - 5
14
What is the value of 10 + 1 + -10 + 0?
1
Evaluate 1 + (-15 - (27 - 39) - (-3 - 0)).
1
What is the value of (-3 - -17) + -11 + -4 + 0 - 5?
-6
Evaluate 1 + -1 - (-12 + -2 - -20).
-6
What is (7 - (-39 + 29)) + 0 + -15?
2
-13 + (30 + 11 - 12)
16
What is 2 + 6 - (-110 - -125) - (1 - 26)?
18
What is the value of 24 - (11 + -20 + 14)?
19
What is (-4 - 41 - -41) + (3 - (1 - 0))?
-2
11 + -42 - (-6 - (-24 + 20))
-29
What is -7 - ((13 - -2) + -19 - (0 - 8))?
-11
What is (-13 + 14 - (2 - -6)) + 8 + -4?
-3
Calculate -4 + -1 + (10 - -1) + -8.
-2
-13 + 0 + -9 - -5 - 7
-24
Evaluate 1 + 13 + -9 + -18 + 3.
-10
What is 6 + (-6 - 0) + -19 - -6?
-13
Evaluate -15 + 15 - -31 - 38.
-7
What is -29 + 2 + -3 + 3 + (244 - 243)?
-26
Evaluate (-21 - 19) + 12 - -3.
-25
Evaluate 16 - (-90 + 99 + -10 + 1 - 0).
16
5 + 2 - (-27 + 19)
15
Evaluate (6 - 1) + -8 + -2 + -7.
-12
Evaluate 0 + 1 - (-4 + (13 - 9)) - 15.
-14
Evaluate (-4 - (-24 + 2)) + -12.
6
What is the value of -30 + (-28 - -37) - (0 - 6)?
-15
19 + 8 + -21 - 15
-9
Calculate (-28 - 9) + 80 + -11.
32
Evaluate -1 + (37 - 18) + -24 + 16 + 1.
11
Evaluate 23 + (-51 - -15) + (5 - (0 - 1)).
-7
Calculate 5 - (-6 - -31) - -10.
-10
44 + -75 - (-16 - 12)
-3
Evaluate (0 - -9 - (81 - 78)) + -2 + 0.
4
Calculate 0 + -1 - 6 - -8 - -23.
24
What is the value of -35 + 9 + 9 + -18 + 28?
-7
What is 2 - (-6 - 2) - 2 - (-42 - -41)?
9
What is the value of 11 - (-10 + 17) - (-14 - -4)?
14
What is -2 - -5 - (-2 + 9 + 2)?
-6
What is the value of 7 + (-10 + -16 - -16)?
-3
4 + -4 - 15 - (9 - 10)
-14
-10 + 25 + -11 - (-6 + 5)
5
Evaluate 12 + 0 + -13 + 16 + 3.
18
What is -26 - ((3 - 54) + 22)?
3
What is 14 - (-7 - -1 - (-9 - (2 - 11)))?
20
Evaluate 7 + -3 + -30 + 5 + 6.
-15
(-11 - -2) + 1 + (34 - 7 - 5)
14
-46 + -61 + 75 + (0 - -1)
-31
What is the value of 5 + 1 - (31 + -10 + -22)?
7
What is 18 + 1 + (0 - -20 - 20 - 8)?
11
Evaluate (2 - (0 + (5 - 9))) + -5 + -8.
-7
What is (-2 - 1) + (-4 - (-13 - 1)) - -4?
11
6 + 2 + 0 + -131 + (227 - 107)
-3
Calculate 18 + -10 - -10 - (10 - 1) - -14.
23
What is the value of -21 - (-13 - -13) - 7 - -2?
-26
What is the value of (17 + -10 + 4 - -2) +